[INFO] cloning repository https://github.com/neivv/scarf
[INFO] running `Command { std: "git" "-c" "credential.helper=" "-c" "credential.helper=/workspace/cargo-home/bin/git-credential-null" "clone" "--bare" "https://github.com/neivv/scarf" "/workspace/cache/git-repos/https%3A%2F%2Fgithub.com%2Fneivv%2Fscarf", kill_on_drop: false }`
[INFO] [stderr] Cloning into bare repository '/workspace/cache/git-repos/https%3A%2F%2Fgithub.com%2Fneivv%2Fscarf'...
[INFO] running `Command { std: "git" "rev-parse" "HEAD", kill_on_drop: false }`
[INFO] [stdout] 7c40116b89a18183455bc2ee0e50f50a32c761c6
[INFO] checking neivv/scarf against try#72f88fc4e9458f89516a0b8b0868f3718aec5b47 for pr-74989
[INFO] running `Command { std: "git" "clone" "/workspace/cache/git-repos/https%3A%2F%2Fgithub.com%2Fneivv%2Fscarf" "/workspace/builds/worker-5/source", kill_on_drop: false }`
[INFO] [stderr] Cloning into '/workspace/builds/worker-5/source'...
[INFO] [stderr] done.
[INFO] validating manifest of git repo https://github.com/neivv/scarf on toolchain 72f88fc4e9458f89516a0b8b0868f3718aec5b47
[INFO] running `Command { std: "/workspace/cargo-home/bin/cargo" "+72f88fc4e9458f89516a0b8b0868f3718aec5b47" "read-manifest" "--manifest-path" "Cargo.toml", kill_on_drop: false }`
[INFO] started tweaking git repo https://github.com/neivv/scarf
[INFO] finished tweaking git repo https://github.com/neivv/scarf
[INFO] tweaked toml for git repo https://github.com/neivv/scarf written to /workspace/builds/worker-5/source/Cargo.toml
[INFO] crate git repo https://github.com/neivv/scarf already has a lockfile, it will not be regenerated
[INFO] running `Command { std: "/workspace/cargo-home/bin/cargo" "+72f88fc4e9458f89516a0b8b0868f3718aec5b47" "fetch" "--locked" "--manifest-path" "Cargo.toml", kill_on_drop: false }`
[INFO] [stderr]     Blocking waiting for file lock on package cache
[INFO] [stderr]  Downloading crates ...
[INFO] [stderr]   Downloaded typed-arena v2.0.1
[INFO] [stderr]   Downloaded array-init v0.1.1
[INFO] [stderr]   Downloaded hashbrown v0.7.0
[INFO] running `Command { std: "docker" "create" "-v" "/var/lib/crater-agent-workspace/builds/worker-5/target:/opt/rustwide/target:rw,Z" "-v" "/var/lib/crater-agent-workspace/builds/worker-5/source:/opt/rustwide/workdir:ro,Z" "-v" "/var/lib/crater-agent-workspace/cargo-home:/opt/rustwide/cargo-home:ro,Z" "-v" "/var/lib/crater-agent-workspace/rustup-home:/opt/rustwide/rustup-home:ro,Z" "-e" "SOURCE_DIR=/opt/rustwide/workdir" "-e" "CARGO_TARGET_DIR=/opt/rustwide/target" "-e" "CARGO_HOME=/opt/rustwide/cargo-home" "-e" "RUSTUP_HOME=/opt/rustwide/rustup-home" "-w" "/opt/rustwide/workdir" "-m" "1610612736" "--user" "0:0" "--network" "none" "rustops/crates-build-env@sha256:d92eaeed33fa75130ca1ee6c8a01d1ffb62bac859dfdfb3450e3e5d1c0146529" "/opt/rustwide/cargo-home/bin/cargo" "+72f88fc4e9458f89516a0b8b0868f3718aec5b47" "metadata" "--no-deps" "--format-version=1", kill_on_drop: false }`
[INFO] [stderr] WARNING: Your kernel does not support swap limit capabilities or the cgroup is not mounted. Memory limited without swap.
[INFO] [stdout] aa1b54ae9496fcadce3076defef3ad44085ab656f81bb3697ce173e5f9dfcd3f
[INFO] running `Command { std: "docker" "start" "-a" "aa1b54ae9496fcadce3076defef3ad44085ab656f81bb3697ce173e5f9dfcd3f", kill_on_drop: false }`
[INFO] running `Command { std: "docker" "inspect" "aa1b54ae9496fcadce3076defef3ad44085ab656f81bb3697ce173e5f9dfcd3f", kill_on_drop: false }`
[INFO] running `Command { std: "docker" "rm" "-f" "aa1b54ae9496fcadce3076defef3ad44085ab656f81bb3697ce173e5f9dfcd3f", kill_on_drop: false }`
[INFO] [stdout] aa1b54ae9496fcadce3076defef3ad44085ab656f81bb3697ce173e5f9dfcd3f
[INFO] running `Command { std: "docker" "create" "-v" "/var/lib/crater-agent-workspace/builds/worker-5/target:/opt/rustwide/target:rw,Z" "-v" "/var/lib/crater-agent-workspace/builds/worker-5/source:/opt/rustwide/workdir:ro,Z" "-v" "/var/lib/crater-agent-workspace/cargo-home:/opt/rustwide/cargo-home:ro,Z" "-v" "/var/lib/crater-agent-workspace/rustup-home:/opt/rustwide/rustup-home:ro,Z" "-e" "SOURCE_DIR=/opt/rustwide/workdir" "-e" "CARGO_TARGET_DIR=/opt/rustwide/target" "-e" "CARGO_INCREMENTAL=0" "-e" "RUST_BACKTRACE=full" "-e" "RUSTFLAGS=--cap-lints=forbid" "-e" "CARGO_HOME=/opt/rustwide/cargo-home" "-e" "RUSTUP_HOME=/opt/rustwide/rustup-home" "-w" "/opt/rustwide/workdir" "-m" "1610612736" "--user" "0:0" "--network" "none" "rustops/crates-build-env@sha256:d92eaeed33fa75130ca1ee6c8a01d1ffb62bac859dfdfb3450e3e5d1c0146529" "/opt/rustwide/cargo-home/bin/cargo" "+72f88fc4e9458f89516a0b8b0868f3718aec5b47" "check" "--frozen" "--all" "--all-targets" "--message-format=json", kill_on_drop: false }`
[INFO] [stdout] 3e6d8cfb3c43801ad8446ddb9a27538c44aaa87f155a0aae51e893f346c8baa3
[INFO] [stderr] WARNING: Your kernel does not support swap limit capabilities or the cgroup is not mounted. Memory limited without swap.
[INFO] running `Command { std: "docker" "start" "-a" "3e6d8cfb3c43801ad8446ddb9a27538c44aaa87f155a0aae51e893f346c8baa3", kill_on_drop: false }`
[INFO] [stderr]    Compiling byteorder v1.3.2
[INFO] [stderr]    Compiling serde v1.0.104
[INFO] [stderr]    Compiling autocfg v1.0.0
[INFO] [stderr]    Compiling log v0.4.8
[INFO] [stderr]    Compiling ryu v1.0.2
[INFO] [stderr]     Checking typed-arena v2.0.1
[INFO] [stderr]     Checking copyless v0.1.4
[INFO] [stderr]     Checking lde v0.3.0 (https://github.com/CasualX/lde#6d8e2870)
[INFO] [stderr]     Checking quick-error v1.2.3
[INFO] [stderr]     Checking array-init v0.1.1
[INFO] [stderr]     Checking arrayvec v0.5.1
[INFO] [stderr]    Compiling hashbrown v0.7.0
[INFO] [stderr]     Checking fxhash v0.2.1
[INFO] [stderr]     Checking scarf v0.3.0 (/opt/rustwide/workdir)
[INFO] [stderr]     Checking serde_json v1.0.48
[INFO] [stderr]     Checking bincode v1.2.1
[INFO] [stdout] error[E0433]: failed to resolve: use of undeclared type or module `serde`
[INFO] [stdout]     --> src/operand.rs:1734:13
[INFO] [stdout]      |
[INFO] [stdout] 1734 |         use serde::de::DeserializeSeed;
[INFO] [stdout]      |             ^^^^^ use of undeclared type or module `serde`
[INFO] [stdout] 
[INFO] [stdout] 
[INFO] [stdout] error[E0433]: failed to resolve: use of undeclared type or module `serde`
[INFO] [stdout]     --> src/operand.rs:1753:13
[INFO] [stdout]      |
[INFO] [stdout] 1753 |         use serde::de::DeserializeSeed;
[INFO] [stdout]      |             ^^^^^ use of undeclared type or module `serde`
[INFO] [stdout] 
[INFO] [stdout] 
[INFO] [stdout] error[E0433]: failed to resolve: use of undeclared type or module `serde`
[INFO] [stdout]     --> src/operand.rs:1774:13
[INFO] [stdout]      |
[INFO] [stdout] 1774 |         use serde::de::DeserializeSeed;
[INFO] [stdout]      |             ^^^^^ use of undeclared type or module `serde`
[INFO] [stdout] 
[INFO] [stdout] 
[INFO] [stdout] error[E0277]: the trait bound `operand::Operand<'_>: serde::ser::Serialize` is not satisfied
[INFO] [stdout]     --> src/operand.rs:1745:42
[INFO] [stdout]      |
[INFO] [stdout] 1745 |         let json = serde_json::to_string(&op).unwrap();
[INFO] [stdout]      |                                          ^^^ the trait `serde::ser::Serialize` is not implemented for `operand::Operand<'_>`
[INFO] [stdout]      | 
[INFO] [stdout]     ::: /opt/rustwide/cargo-home/registry/src/github.com-1ecc6299db9ec823/serde_json-1.0.48/src/ser.rs:2233:8
[INFO] [stdout]      |
[INFO] [stdout] 2233 |     T: Serialize,
[INFO] [stdout]      |        --------- required by this bound in `serde_json::to_string`
[INFO] [stdout] 
[INFO] [stdout] 
[INFO] [stdout] error[E0599]: no method named `deserialize_seed` found for reference `&operand::OperandContext<'_>` in the current scope
[INFO] [stdout]     --> src/operand.rs:1747:36
[INFO] [stdout]      |
[INFO] [stdout] 1747 |         let op2: Operand<'_> = ctx.deserialize_seed().deserialize(&mut des).unwrap();
[INFO] [stdout]      |                                    ^^^^^^^^^^^^^^^^ method not found in `&operand::OperandContext<'_>`
[INFO] [stdout] 
[INFO] [stdout] 
[INFO] [stdout] error[E0277]: the trait bound `operand::Operand<'_>: serde::ser::Serialize` is not satisfied
[INFO] [stdout]     --> src/operand.rs:1766:42
[INFO] [stdout]      |
[INFO] [stdout] 1766 |         let json = serde_json::to_string(&op).unwrap();
[INFO] [stdout]      |                                          ^^^ the trait `serde::ser::Serialize` is not implemented for `operand::Operand<'_>`
[INFO] [stdout]      | 
[INFO] [stdout]     ::: /opt/rustwide/cargo-home/registry/src/github.com-1ecc6299db9ec823/serde_json-1.0.48/src/ser.rs:2233:8
[INFO] [stdout]      |
[INFO] [stdout] 2233 |     T: Serialize,
[INFO] [stdout]      |        --------- required by this bound in `serde_json::to_string`
[INFO] [stdout] 
[INFO] [stdout] 
[INFO] [stdout] error[E0599]: no method named `deserialize_seed` found for reference `&operand::OperandContext<'_>` in the current scope
[INFO] [stdout]     --> src/operand.rs:1768:36
[INFO] [stdout]      |
[INFO] [stdout] 1768 |         let op2: Operand<'_> = ctx.deserialize_seed().deserialize(&mut des).unwrap();
[INFO] [stdout]      |                                    ^^^^^^^^^^^^^^^^ method not found in `&operand::OperandContext<'_>`
[INFO] [stdout] 
[INFO] [stdout] 
[INFO] [stdout] error[E0599]: no method named `deserialize_seed` found for reference `&operand::OperandContext<'_>` in the current scope
[INFO] [stdout]     --> src/operand.rs:1824:36
[INFO] [stdout]      |
[INFO] [stdout] 1824 |         let op2: Operand<'_> = ctx.deserialize_seed().deserialize(&mut des).unwrap();
[INFO] [stdout]      |                                    ^^^^^^^^^^^^^^^^ method not found in `&operand::OperandContext<'_>`
[INFO] [stdout] 
[INFO] [stdout] 
[INFO] [stdout] error[E0277]: the trait bound `operand::Operand<'e>: serde::ser::Serialize` is not satisfied
[INFO] [stdout]  --> src/operand/simplify_tests.rs:5:34
[INFO] [stdout]   |
[INFO] [stdout] 5 |     let bytes = config.serialize(&op).unwrap();
[INFO] [stdout]   |                                  ^^^ the trait `serde::ser::Serialize` is not implemented for `operand::Operand<'e>`
[INFO] [stdout] 
[INFO] [stdout] 
[INFO] [stdout] error[E0599]: no method named `deserialize_seed` found for reference `&'e operand::OperandContext<'e>` in the current scope
[INFO] [stdout]  --> src/operand/simplify_tests.rs:6:57
[INFO] [stdout]   |
[INFO] [stdout] 6 |     let back: Operand<'e> = config.deserialize_seed(ctx.deserialize_seed(), &bytes).unwrap();
[INFO] [stdout]   |                                                         ^^^^^^^^^^^^^^^^ method not found in `&'e operand::OperandContext<'e>`
[INFO] [stdout] 
[INFO] [stdout] 
[INFO] [stdout] error: aborting due to 10 previous errors
[INFO] [stdout] 
[INFO] [stdout] 
[INFO] [stdout] Some errors have detailed explanations: E0277, E0433, E0599.
[INFO] [stdout] 
[INFO] [stdout] For more information about an error, try `rustc --explain E0277`.
[INFO] [stdout] 
[INFO] [stderr] error: could not compile `scarf`.
[INFO] [stderr] 
[INFO] [stderr] To learn more, run the command again with --verbose.
[INFO] running `Command { std: "docker" "inspect" "3e6d8cfb3c43801ad8446ddb9a27538c44aaa87f155a0aae51e893f346c8baa3", kill_on_drop: false }`
[INFO] running `Command { std: "docker" "rm" "-f" "3e6d8cfb3c43801ad8446ddb9a27538c44aaa87f155a0aae51e893f346c8baa3", kill_on_drop: false }`
[INFO] [stdout] 3e6d8cfb3c43801ad8446ddb9a27538c44aaa87f155a0aae51e893f346c8baa3
